{"id":1144,"date":"2024-06-05T11:40:34","date_gmt":"2024-06-05T09:40:34","guid":{"rendered":"https:\/\/gite-escapade-passionnee.oaka.fr\/?page_id=1144"},"modified":"2024-06-17T17:07:09","modified_gmt":"2024-06-17T15:07:09","slug":"1144-2","status":"publish","type":"page","link":"https:\/\/gite-escapade-passionnee.fr\/?page_id=1144","title":{"rendered":"Contacts \/ Acc\u00e8s"},"content":{"rendered":"<style>.kadence-column1144_88c088-b2 > .kt-inside-inner-col{display:flex;}.kadence-column1144_88c088-b2 > .kt-inside-inner-col,.kadence-column1144_88c088-b2 > .kt-inside-inner-col:before{border-top-left-radius:0px;border-top-right-radius:0px;border-bottom-right-radius:0px;border-bottom-left-radius:0px;}.kadence-column1144_88c088-b2 > .kt-inside-inner-col{column-gap:var(--global-kb-gap-sm, 1rem);}.kadence-column1144_88c088-b2 > .kt-inside-inner-col{flex-direction:column;justify-content:center;align-items:center;}.kadence-column1144_88c088-b2 > .kt-inside-inner-col > .kb-image-is-ratio-size{align-self:stretch;}.kadence-column1144_88c088-b2 > .kt-inside-inner-col > .aligncenter{width:100%;}.kt-row-column-wrap > .kadence-column1144_88c088-b2{align-self:center;}.kt-inner-column-height-full:not(.kt-has-1-columns) > .wp-block-kadence-column.kadence-column1144_88c088-b2{align-self:auto;}.kt-inner-column-height-full:not(.kt-has-1-columns) > .wp-block-kadence-column.kadence-column1144_88c088-b2 > .kt-inside-inner-col{flex-direction:column;justify-content:center;}.kadence-column1144_88c088-b2 > .kt-inside-inner-col{background-image:url('https:\/\/gite-escapade-passionnee.fr\/wp-content\/uploads\/2024\/06\/gite-alsacien-cour-4-1.png');background-size:cover;background-position:center center;background-attachment:scroll;background-repeat:no-repeat;}.kadence-column1144_88c088-b2 > .kt-inside-inner-col:before{opacity:0.66;background-image:linear-gradient(135deg,rgb(102,12,34) 0%,rgb(102,12,34) 100%);}.kadence-column1144_88c088-b2{position:relative;}@media all and (max-width: 1024px){.kadence-column1144_88c088-b2 > .kt-inside-inner-col{flex-direction:column;align-items:center;}}@media all and (max-width: 767px){.kadence-column1144_88c088-b2 > .kt-inside-inner-col{flex-direction:column;align-items:center;}}<\/style>\n<div class=\"wp-block-kadence-column kadence-column1144_88c088-b2 kb-section-has-overlay\"><div class=\"kt-inside-inner-col\"><style>.wp-block-kadence-advancedheading.kt-adv-heading1144_c50461-75, .wp-block-kadence-advancedheading.kt-adv-heading1144_c50461-75[data-kb-block=\"kb-adv-heading1144_c50461-75\"]{padding-top:var(--global-kb-spacing-md, 2rem);padding-bottom:var(--global-kb-spacing-md, 2rem);text-align:center;font-size:var(--global-kb-font-size-xxl, 4rem);font-weight:400;font-style:normal;font-family:'Leckerli One';}.wp-block-kadence-advancedheading.kt-adv-heading1144_c50461-75 mark, .wp-block-kadence-advancedheading.kt-adv-heading1144_c50461-75[data-kb-block=\"kb-adv-heading1144_c50461-75\"] mark{font-style:normal;color:#f76a0c;padding-top:0px;padding-right:0px;padding-bottom:0px;padding-left:0px;}<\/style>\n<h2 class=\"kt-adv-heading1144_c50461-75 wp-block-kadence-advancedheading has-theme-palette-9-color has-text-color\" data-kb-block=\"kb-adv-heading1144_c50461-75\">Contact et l&rsquo;acc\u00e8s au g\u00eete<\/h2>\n<\/div><\/div>\n\n\n<style>.kb-row-layout-id1144_0abcb5-ff > .kt-row-column-wrap{align-content:start;}:where(.kb-row-layout-id1144_0abcb5-ff > .kt-row-column-wrap) > .wp-block-kadence-column{justify-content:start;}.kb-row-layout-id1144_0abcb5-ff > .kt-row-column-wrap{column-gap:var(--global-kb-gap-md, 2rem);row-gap:var(--global-kb-gap-md, 2rem);max-width:var( --global-content-width, 1290px );padding-left:var(--global-content-edge-padding);padding-right:var(--global-content-edge-padding);padding-top:var(--global-kb-spacing-lg, 3rem);padding-bottom:var(--global-kb-spacing-lg, 3rem);grid-template-columns:minmax(0, calc(50% - ((var(--global-kb-gap-md, 2rem) * 1 )\/2))) minmax(0, calc(50% - ((var(--global-kb-gap-md, 2rem) * 1 )\/2)));}.kb-row-layout-id1144_0abcb5-ff > .kt-row-layout-overlay{opacity:0.30;}@media all and (max-width: 1024px){.kb-row-layout-id1144_0abcb5-ff > .kt-row-column-wrap{grid-template-columns:repeat(2, minmax(0, 1fr));}}@media all and (max-width: 767px){.kb-row-layout-id1144_0abcb5-ff > .kt-row-column-wrap{grid-template-columns:minmax(0, 1fr);}}<\/style><div class=\"kb-row-layout-wrap kb-row-layout-id1144_0abcb5-ff alignnone wp-block-kadence-rowlayout\"><div class=\"kt-row-column-wrap kt-has-2-columns kt-row-layout-equal kt-tab-layout-inherit kt-mobile-layout-row kt-row-valign-top kb-theme-content-width\">\n<style>.kadence-column1144_7d729b-d5 > .kt-inside-inner-col,.kadence-column1144_7d729b-d5 > .kt-inside-inner-col:before{border-top-left-radius:0px;border-top-right-radius:0px;border-bottom-right-radius:0px;border-bottom-left-radius:0px;}.kadence-column1144_7d729b-d5 > .kt-inside-inner-col{column-gap:var(--global-kb-gap-sm, 1rem);}.kadence-column1144_7d729b-d5 > .kt-inside-inner-col{flex-direction:column;}.kadence-column1144_7d729b-d5 > .kt-inside-inner-col > .aligncenter{width:100%;}.kadence-column1144_7d729b-d5 > .kt-inside-inner-col:before{opacity:0.3;}.kadence-column1144_7d729b-d5{position:relative;}@media all and (max-width: 1024px){.kadence-column1144_7d729b-d5 > .kt-inside-inner-col{flex-direction:column;}}@media all and (max-width: 767px){.kadence-column1144_7d729b-d5 > .kt-inside-inner-col{flex-direction:column;}}<\/style>\n<div class=\"wp-block-kadence-column kadence-column1144_7d729b-d5\"><div class=\"kt-inside-inner-col\"><style>.wp-block-kadence-advancedheading.kt-adv-heading1144_92a0fb-d7, .wp-block-kadence-advancedheading.kt-adv-heading1144_92a0fb-d7[data-kb-block=\"kb-adv-heading1144_92a0fb-d7\"]{font-size:var(--global-kb-font-size-xxxl, 5rem);font-weight:400;font-style:normal;font-family:'Dancing Script';color:#b74141;}.wp-block-kadence-advancedheading.kt-adv-heading1144_92a0fb-d7 mark, .wp-block-kadence-advancedheading.kt-adv-heading1144_92a0fb-d7[data-kb-block=\"kb-adv-heading1144_92a0fb-d7\"] mark{font-style:normal;color:#f76a0c;padding-top:0px;padding-right:0px;padding-bottom:0px;padding-left:0px;}<\/style>\n<h2 class=\"kt-adv-heading1144_92a0fb-d7 wp-block-kadence-advancedheading\" data-kb-block=\"kb-adv-heading1144_92a0fb-d7\">Acc\u00e8s au gite<\/h2>\n\n\n\n<p class=\"has-text-color has-link-color wp-elements-6e9754270322474f9a21918595a8eec6\" style=\"color:#323740\">Lorem ipsum dolor sit amet, consectetur adipiscing elit, sed do eiusmod tempor incididunt ut labore et dolore magna aliqua. Ut enim ad minim veniam, quis nostrud exercitation ullamco laboris nisi ut aliquip ex ea commodo consequat. Duis aute irure dolor in reprehenderit in voluptate velit esse cillum dolore eu fugiat nulla pariatur.<\/p>\n<\/div><\/div>\n\n\n<style>.kadence-column1144_ba258f-f3 > .kt-inside-inner-col{display:flex;}.kadence-column1144_ba258f-f3 > .kt-inside-inner-col,.kadence-column1144_ba258f-f3 > .kt-inside-inner-col:before{border-top-left-radius:0px;border-top-right-radius:0px;border-bottom-right-radius:0px;border-bottom-left-radius:0px;}.kadence-column1144_ba258f-f3 > .kt-inside-inner-col{row-gap:83px;column-gap:var(--global-kb-gap-sm, 1rem);}.kadence-column1144_ba258f-f3 > .kt-inside-inner-col{flex-direction:column;justify-content:flex-end;align-items:stretch;}.kadence-column1144_ba258f-f3 > .kt-inside-inner-col > .kb-image-is-ratio-size{align-self:stretch;}.kadence-column1144_ba258f-f3 > .kt-inside-inner-col > .aligncenter{width:100%;}.kt-row-column-wrap > .kadence-column1144_ba258f-f3{align-self:flex-end;}.kt-inner-column-height-full:not(.kt-has-1-columns) > .wp-block-kadence-column.kadence-column1144_ba258f-f3{align-self:auto;}.kt-inner-column-height-full:not(.kt-has-1-columns) > .wp-block-kadence-column.kadence-column1144_ba258f-f3 > .kt-inside-inner-col{flex-direction:column;justify-content:flex-end;}.kadence-column1144_ba258f-f3 > .kt-inside-inner-col:before{opacity:0.3;}.kadence-column1144_ba258f-f3{position:relative;}@media all and (max-width: 1024px){.kadence-column1144_ba258f-f3 > .kt-inside-inner-col{flex-direction:column;align-items:stretch;}}@media all and (max-width: 767px){.kadence-column1144_ba258f-f3 > .kt-inside-inner-col{flex-direction:column;align-items:stretch;}}<\/style>\n<div class=\"wp-block-kadence-column kadence-column1144_ba258f-f3 kb-section-dir-vertical\"><div class=\"kt-inside-inner-col\"><style>.kb-google-maps-container1144_ff8285-e4{max-width:1250px;height:419px;margin-left:auto !important;margin-right:auto !important;}<\/style><div class=\"kb-google-maps-container kb-google-maps-container1144_ff8285-e4  wp-block-kadence-googlemaps\" data-mapid=\"1144_ff8285e4\"><iframe width=\"100%\" height=\"100%\"\n\t\t\t\t\t\t\tstyle=\"border:0\" loading=\"lazy\"\n\t\t\t\t\t\t\tsrc=\"https:\/\/www.google.com\/maps\/embed\/v1\/place?key=AIzaSyBAM2o7PiQqwk15LC1XRH2e_KJ-jUa7KYk&#038;zoom=10&#038;maptype=roadmap&#038;q=67000\"\n\t\t\t\t\t\t\ttitle=\"Carte Google de 67000\"><\/iframe><\/div><script>function kb_google_map1144_ff8285e4() { let center = { lat: 37.8201, lng: -122.4781}; let map = new google.maps.Map(document.getElementById(\"kb-google-map1144_ff8285e4\"), {\n\t\t\t\t\t    zoom: 10,\n\t\t\t\t\t    center: center,});let marker = new google.maps.Marker({   position: { lat: 37.8201, lng: -122.4781},    map: map,  });}<\/script><\/div><\/div>\n\n<\/div><\/div>\n\n<style>.kadence-column1144_d56a2a-65 > .kt-inside-inner-col{display:flex;}.kadence-column1144_d56a2a-65 > .kt-inside-inner-col,.kadence-column1144_d56a2a-65 > .kt-inside-inner-col:before{border-top-left-radius:0px;border-top-right-radius:0px;border-bottom-right-radius:0px;border-bottom-left-radius:0px;}.kadence-column1144_d56a2a-65 > .kt-inside-inner-col{column-gap:var(--global-kb-gap-sm, 1rem);}.kadence-column1144_d56a2a-65 > .kt-inside-inner-col{flex-direction:column;justify-content:center;align-items:center;}.kadence-column1144_d56a2a-65 > .kt-inside-inner-col > .kb-image-is-ratio-size{align-self:stretch;}.kadence-column1144_d56a2a-65 > .kt-inside-inner-col > .aligncenter{width:100%;}.kt-row-column-wrap > .kadence-column1144_d56a2a-65{align-self:center;}.kt-inner-column-height-full:not(.kt-has-1-columns) > .wp-block-kadence-column.kadence-column1144_d56a2a-65{align-self:auto;}.kt-inner-column-height-full:not(.kt-has-1-columns) > .wp-block-kadence-column.kadence-column1144_d56a2a-65 > .kt-inside-inner-col{flex-direction:column;justify-content:center;}.kadence-column1144_d56a2a-65 > .kt-inside-inner-col:before{opacity:0.3;}.kadence-column1144_d56a2a-65{position:relative;}@media all and (max-width: 1024px){.kadence-column1144_d56a2a-65 > .kt-inside-inner-col{flex-direction:column;align-items:center;}}@media all and (max-width: 767px){.kadence-column1144_d56a2a-65 > .kt-inside-inner-col{flex-direction:column;align-items:center;}}<\/style>\n<div class=\"wp-block-kadence-column kadence-column1144_d56a2a-65\"><div class=\"kt-inside-inner-col\">\n<div class=\"wpcf7 no-js\" id=\"wpcf7-f1222-o1\" lang=\"fr-FR\" dir=\"ltr\">\n<div class=\"screen-reader-response\"><p role=\"status\" aria-live=\"polite\" aria-atomic=\"true\"><\/p> <ul><\/ul><\/div>\n<form action=\"\/index.php?rest_route=%2Fwp%2Fv2%2Fpages%2F1144#wpcf7-f1222-o1\" method=\"post\" class=\"wpcf7-form init\" aria-label=\"Formulaire de contact\" novalidate=\"novalidate\" data-status=\"init\">\n<div style=\"display: none;\">\n<input type=\"hidden\" name=\"_wpcf7\" value=\"1222\" \/>\n<input type=\"hidden\" name=\"_wpcf7_version\" value=\"5.9.6\" \/>\n<input type=\"hidden\" name=\"_wpcf7_locale\" value=\"fr_FR\" \/>\n<input type=\"hidden\" name=\"_wpcf7_unit_tag\" value=\"wpcf7-f1222-o1\" \/>\n<input type=\"hidden\" name=\"_wpcf7_container_post\" value=\"0\" \/>\n<input type=\"hidden\" name=\"_wpcf7_posted_data_hash\" value=\"\" \/>\n<\/div>\n<div class=\"row_form_contact\">\n\t<p><label> Votre nom<br \/>\n<span class=\"wpcf7-form-control-wrap\" data-name=\"your-name\"><input size=\"40\" maxlength=\"80\" class=\"wpcf7-form-control wpcf7-text wpcf7-validates-as-required\" autocomplete=\"name\" aria-required=\"true\" aria-invalid=\"false\" value=\"\" type=\"text\" name=\"your-name\" \/><\/span> <\/label>\n\t<\/p>\n\t<p><label> Votre e-mail<br \/>\n<span class=\"wpcf7-form-control-wrap\" data-name=\"your-email\"><input size=\"40\" maxlength=\"80\" class=\"wpcf7-form-control wpcf7-email wpcf7-validates-as-required wpcf7-text wpcf7-validates-as-email\" autocomplete=\"email\" aria-required=\"true\" aria-invalid=\"false\" value=\"\" type=\"email\" name=\"your-email\" \/><\/span> <\/label>\n\t<\/p>\n<\/div>\n<div class=\"row_form_objet\">\n\t<p><label> Objet<br \/>\n<span class=\"wpcf7-form-control-wrap\" data-name=\"your-subject\"><input size=\"40\" maxlength=\"80\" class=\"wpcf7-form-control wpcf7-text wpcf7-validates-as-required\" aria-required=\"true\" aria-invalid=\"false\" value=\"\" type=\"text\" name=\"your-subject\" \/><\/span> <\/label>\n\t<\/p>\n<\/div>\n<p><label> Votre message<br \/>\n<span class=\"wpcf7-form-control-wrap\" data-name=\"your-message\"><textarea cols=\"40\" rows=\"10\" maxlength=\"400\" class=\"wpcf7-form-control wpcf7-textarea wpcf7-validates-as-required\" aria-required=\"true\" aria-invalid=\"false\" name=\"your-message\"><\/textarea><\/span> <\/label>\n<\/p>\n<div class=\"submit\">\n\t<p><input class=\"wpcf7-form-control wpcf7-submit has-spinner\" type=\"submit\" value=\"Envoyer\" \/>\n\t<\/p>\n<\/div><div class=\"wpcf7-response-output\" aria-hidden=\"true\"><\/div>\n<\/form>\n<\/div>\n\n<\/div><\/div>\n","protected":false},"excerpt":{"rendered":"<p>Contact et l&rsquo;acc\u00e8s au g\u00eete Acc\u00e8s au gite Lorem ipsum dolor sit amet, consectetur adipiscing elit, sed do eiusmod tempor incididunt ut labore et dolore magna aliqua. Ut enim ad&#8230;<\/p>\n","protected":false},"author":1,"featured_media":0,"parent":0,"menu_order":0,"comment_status":"closed","ping_status":"closed","template":"","meta":{"_uag_custom_page_level_css":"","_EventAllDay":false,"_EventTimezone":"","_EventStartDate":"","_EventEndDate":"","_EventStartDateUTC":"","_EventEndDateUTC":"","_EventShowMap":false,"_EventShowMapLink":false,"_EventURL":"","_EventCost":"","_EventCostDescription":"","_EventCurrencySymbol":"","_EventCurrencyCode":"","_EventCurrencyPosition":"","_EventDateTimeSeparator":"","_EventTimeRangeSeparator":"","_EventOrganizerID":[],"_EventVenueID":[],"_OrganizerEmail":"","_OrganizerPhone":"","_OrganizerWebsite":"","_VenueAddress":"","_VenueCity":"","_VenueCountry":"","_VenueProvince":"","_VenueState":"","_VenueZip":"","_VenuePhone":"","_VenueURL":"","_VenueStateProvince":"","_VenueLat":"","_VenueLng":"","_VenueShowMap":false,"_VenueShowMapLink":false,"_kadence_starter_templates_imported_post":false,"_kad_post_transparent":"","_kad_post_title":"","_kad_post_layout":"","_kad_post_sidebar_id":"","_kad_post_content_style":"","_kad_post_vertical_padding":"","_kad_post_feature":"","_kad_post_feature_position":"","_kad_post_header":false,"_kad_post_footer":false,"footnotes":""},"class_list":["post-1144","page","type-page","status-publish","hentry"],"uagb_featured_image_src":{"full":false,"thumbnail":false,"medium":false,"medium_large":false,"large":false,"1536x1536":false,"2048x2048":false},"uagb_author_info":{"display_name":"iwescapade","author_link":"https:\/\/gite-escapade-passionnee.fr\/?author=1"},"uagb_comment_info":0,"uagb_excerpt":"Contact et l&rsquo;acc\u00e8s au g\u00eete Acc\u00e8s au gite Lorem ipsum dolor sit amet, consectetur adipiscing elit, sed do eiusmod tempor incididunt ut labore et dolore magna aliqua. Ut enim ad...","_links":{"self":[{"href":"https:\/\/gite-escapade-passionnee.fr\/index.php?rest_route=\/wp\/v2\/pages\/1144","targetHints":{"allow":["GET"]}}],"collection":[{"href":"https:\/\/gite-escapade-passionnee.fr\/index.php?rest_route=\/wp\/v2\/pages"}],"about":[{"href":"https:\/\/gite-escapade-passionnee.fr\/index.php?rest_route=\/wp\/v2\/types\/page"}],"author":[{"embeddable":true,"href":"https:\/\/gite-escapade-passionnee.fr\/index.php?rest_route=\/wp\/v2\/users\/1"}],"replies":[{"embeddable":true,"href":"https:\/\/gite-escapade-passionnee.fr\/index.php?rest_route=%2Fwp%2Fv2%2Fcomments&post=1144"}],"version-history":[{"count":7,"href":"https:\/\/gite-escapade-passionnee.fr\/index.php?rest_route=\/wp\/v2\/pages\/1144\/revisions"}],"predecessor-version":[{"id":1235,"href":"https:\/\/gite-escapade-passionnee.fr\/index.php?rest_route=\/wp\/v2\/pages\/1144\/revisions\/1235"}],"wp:attachment":[{"href":"https:\/\/gite-escapade-passionnee.fr\/index.php?rest_route=%2Fwp%2Fv2%2Fmedia&parent=1144"}],"curies":[{"name":"wp","href":"https:\/\/api.w.org\/{rel}","templated":true}]}}